15984). What is the greatest common factor of b and 3528?
72
Let o = -17202 - -17226. What is the greatest common factor of o and 3252?
12
Let c = -256 - 2714. Let k be 10 - 7 - c/2. What is the greatest common factor of 12 and k?
12
Suppose 0 = -4*q - 5*g + 70225, 0 = q + 694*g - 690*g - 17548. What is the highest common divisor of 40 and q?
40
Let n be 28/8*(-6)/(-1)*228/133. Calculate the greatest common factor of 3609 and n.
9
Let f = 4514 - 4344. Calculate the greatest common divisor of f and 816.
34
Let d be (-3252)/(-28) + (11 - 9)/(-14). Calculate the highest common divisor of 16124 and d.
116
Let x = 66 + 29. Let c be ((-6)/(-12))/(3/(-468)). Let s = -40 - c. Calculate the greatest common divisor of s and x.
19
Suppose 167076*d - 167061*d - 2250 = 0. What is the greatest common divisor of 125 and d?
25
Let w be 2/(26*17/4641). Calculate the greatest common divisor of w and 489.
3
Let x = 40 + -40. Suppose 2*d - 91 - 117 = x. Let g be -10 + 12 + d/2. Calculate the highest common factor of 6 and g.
6
Let u be 6 - 12/(12/4). Suppose 166 = u*b - 44. Calculate the greatest common factor of 15 and b.
15
Let a(i) = 96*i**2 - 384*i + 9. Let j be a(4). What is the greatest common divisor of 1332 and j?
9
Let j(c) = -158*c + 122. Let f be j(-2). What is the highest common divisor of f and 803?
73
Suppose 23*s + 10*s = 165. Let t be (-60)/(-6 + 27/6). Calculate the greatest common divisor of s and t.
5
Let p(g) = -11*g. Let b be p(-3). Suppose 34*i - 14*i = 163*i - 1573. Calculate the greatest common factor of b and i.
11
Let w be 1203832/629 + 8/68. Calculate the greatest common factor of w and 3.
3
Let j = 85 + -40. Let o be 1/((-4)/4)*-7. Let p = o + -2. Calculate the greatest common divisor of p and j.
5
Let w(l) = 34*l. Let q be w(1). Let v(f) = f**2 + 86*f + 439. Let g be v(-5). Calculate the greatest common factor of g and q.
34
Suppose -112 = -6*l - 16. Suppose 840 = -4*q + l*q. Let d be (-84)/70*q/(-3). What is the greatest common divisor of 28 and d?
28
Let l(k) = -1233*k + 621*k + 620*k - 61. Let q be l(11). Calculate the greatest common factor of q and 189.
27
Let c(v) = -5*v + 67. Let b be c(15). Let z be b/72 - 22612/(-36) - 4. What is the highest common divisor of z and 48?
48
Let d be (6 + (-90)/25)*(-1920)/(-18). What is the greatest common divisor of d and 416?
32
Let s be 5/(20/(-3))*-4. Suppose g = s, 5*m - 13 = -3*g + 36. What is the greatest common divisor of m and 8?
8
Suppose 355*q = 671*q - 333*q + 23545. What is the greatest common divisor of 7479 and q?
277
Suppose -2*l - 692 + 3455 = -9*m, 5*l - 6933 = -3*m. What is the greatest common factor of 1782 and l?
198
Let k = 9319 + -9258. What is the highest common divisor of k and 3721?
61
Let d be 10251*(9/6)/(54/12). Calculate the highest common factor of 51 and d.
51
Suppose 71*h - 3759 = 48*h - 156*h. What is the greatest common divisor of h and 21?
21
Let h = 4302 + -3067. What is the highest common divisor of h and 13?
13
Suppose 26*c - 22*c = 20. Let r be ((-45)/(-10))/9 + c/2. Suppose 5*h + r*a - 816 = 0, h + 4*h - 3*a = 834. Calculate the greatest common divisor of h and 15.
15
Let o be (3526/(-129))/(-3*(-4)/126). Let z = o - -358. What is the greatest common factor of z and 568?
71
Let q = 264 + -272. Let k be q - -1 - (-23 - 38). Calculate the highest common divisor of 72 and k.
18
Suppose 98 = -15*t + 317 + 411. What is the highest common factor of 43 and t?
1
Let n be -3*((-8997)/(-9))/(-1). Suppose 2996*v = n*v - 18. Calculate the greatest common factor of v and 438.
6
Suppose 3*l + 3*t = 60, 7*l = 12*l - 5*t - 60. Let x(a) = a**3 + 9*a**2 - 16. Let c be x(-8). What is the highest common factor of l and c?
16
Suppose 5 = 5*z + 2*w, 3*z - 8*w = -7*w + 14. Suppose -3*k + 206 = 2*l, -218 = -5*k - z*l + 127. Calculate the greatest common factor of 48 and k.
24
Let t be 371553/24 + 3/(-8). What is the highest common divisor of 113 and t?
113
Let n(q) = q**3 + 4*q**2 - 2*q - 1. Let b be n(-3). Let t = -339535 + 339545. Calculate the highest common factor of t and b.
2
Let g(z) = 6*z**2 + 4*z + 6. Let i be g(-5). Suppose 34*m - 300 = -26*m. Let x be (34/m)/(12/30). Calculate the greatest common factor of x and i.
17
Suppose -95 = -2*s + 25. Suppose -8 = -z - 1. Suppose -l = -5 - z. What is the greatest common factor of s and l?
12
Suppose -6*o = 6*x - 5*o - 1888, 5*x + 5*o = 1640. Suppose -96 = -0*g - 4*g. Calculate the greatest common divisor of x and g.
24
Let w = 52 - 50. Let s = 45 + -46. Let c = 15 - s. What is the highest common factor of c and w?
2
Let l be (-145)/(-29) + (-1 - 12). Let i be (l - -14)*-5*(-48)/9. What is the greatest common divisor of 20 and i?
20
Let j be (-20)/15 + (-40)/(-12). Let b(r) = 220 + 3*r - 111 - 20*r**j + r**3 - 104. Let f be b(20). What is the highest common divisor of 10 and f?
5
Let d(a) = 5*a**2 - 29. Let w be d(-7). Suppose 2*v - 294 = 4*h, 3*v - 367 = -2*h + 7*h. Let p = -50 - h. Calculate the greatest common divisor of p and w.
24
Suppose 5*h - 53 = -k, 0*k = -4*h + 3*k + 31. Let u be -5 + (1 - -5) + 126. Let x = u - 77. Calculate the greatest common divisor of h and x.
10
Suppose -14753 = -6*w + 12469. What is the greatest common factor of w and 13?
13
Suppose h - 3*k - 21 = 0, 3*h - 59 + 8 = -3*k. Suppose h = -s + 10*s. What is the greatest common factor of 50 and s?
2
Suppose 2*g = 3*y + 3316, -4*y + 4079 = 5*g - 4165. Calculate the greatest common divisor of 28 and g.
28
Let p be (-486)/12*(-442)/(-255)*-5. Calculate the greatest common divisor of 663 and p.
39
Let g(a) = a**3 - 116*a - 35. Let o be g(-10). What is the highest common divisor of o and 3925?
25
Suppose -4*c + 104 = s, 5*c + 3*s = 2*c + 69. Let r = -162 + 164. Let x be 1 + 6 + (r - 0). What is the greatest common divisor of c and x?
9
Let l be 3/(6/8)*(-1209)/(-93). Suppose 0 = 4*z - 5*k - 182, 6*z - 5*z + 2*k - l = 0. Calculate the greatest common factor of 6 and z.
6
Suppose -217*n - 110*n + 10426 + 5270 = 0. Let i be 63/2*(-48)/(-14). Calculate the greatest common divisor of n and i.
12
Let i be 373*14 + 8 + (-5 - 9). What is the highest common factor of i and 64?
32
Let j = 12602 + -12161. Calculate the greatest common divisor of 27 and j.
9
Let r = 3754 + -3014. What is the highest common factor of 140 and r?
20
Let x = 16522 - 15893. Calculate the greatest common factor of 153 and x.
17
Let u(m) = -3*m + 5. Let v be u(-8). Suppose q - v = 2. Let k = q - 15. What is the greatest common divisor of k and 128?
16
Let m(y) = -6*y**3 - 3*y**2 - 7*y. Suppose 6*h + 80 = 16*h. Suppose 0 = -7*a - h*a - 45. Let b be m(a). What is the highest common divisor of b and 12?
12
Let f = -118 - -238. Let a = 2206 - 2146. What is the highest common divisor of f and a?
60
Suppose 0 = -2*q + 2*c + c + 204, -5*q = c - 527. Let v be 21/q - (-1328)/10. Suppose -v = -2*m - 33. Calculate the highest common divisor of 125 and m.
25
Suppose 2442 = -19*m + 22*m - g, 0 = -5*m + 2*g + 4068. What is the greatest common factor of 1768 and m?
136
Let w be 2 + 39 + (-3 - (5 + -1)). Calculate the highest common factor of w and 2975.
17
Suppose -y = -3*s + 177, 0*s + y = s - 57. Let i = s + -69. Let t = i + 25. Calculate the greatest common factor of 48 and t.
16
Let c(y) = y**2 + 56*y - 756. Let g be c(-68). What is the highest common divisor of 1220 and g?
20
Let h = 182 + -147. Let p be h/((-1)/(6 + -7)). Calculate the greatest common divisor of 140 and p.
35
Suppose 14*n = n + 7878. Let l = n + -346. Suppose 6*m - m - l = 0. Calculate the highest common factor of m and 26.
26
Suppose r + 30*q = 35*q + 1297, 5*r = -4*q + 6514. What is the highest common divisor of 6 and r?
6
Suppose 12*z = 13*y - 12*y - 1851, -2*z - 1791 = -y. Calculate the greatest common factor of y and 15.
3
Suppose 4*s - 10*s = -96. Let v be -3 - 4*10/s*-6. Calculate the greatest common divisor of 28 and v.
4
Let g be 0 + 1 - (-327 + 4). Suppose 2771*w - 1370*w - 396 = 1379*w. Calculate the greatest common divisor of g and w.
18
Suppose 5*l = -401 - 474. Let y = l + 191. Let c(f) = 17*f - 2. Let d be c(2). What is the highest common factor of d and y?
16
Let i(b) = -b**3 - 14*b**2 + 19*b + 64. Let h be i(-15). Let o be -3 + (h - (0/(-5) - 4)). Calculate the highest common divisor of 20 and o.
5
Suppose 3*s 